*n - s - 4*s = 6370. What is the thousands digit of n?
1
Let c(f) = -2*f**2 - f + 86. Let s be c(0). Let m = -66 - -32. Let d = m + s. What is the units digit of d?
2
Let c(i) = -i + 38. Let k be c(0). Suppose 7*s - 6*s = k. Let l = s - 2. What is the units digit of l?
6
Let t be ((-4)/6)/(-1) - (-77)/33. Let d(y) = -84*y**2 - 44. Let j(h) = 28*h**2 + 15. Let w(a) = -4*d(a) - 11*j(a). What is the hundreds digit of w(t)?
2
Suppose 3*p + y - 57 = 0, p - 8 = 3*y + 1. Let l be p/(-4)*60/(-45). Suppose -3*u = l*u - 882. What is the units digit of u?
8
Let c(b) = 2*b**3 - 11*b**2 + 2*b - 10. Let n be c(6). Suppose 27183 = n*i + i. What is the tens digit of i?
9
Suppose -3750 = -4*x + 2*a, -2*x - 4*a - 3740 = -6*x. Suppose -o = 5*d - 188, x = 5*o - 5*d + d. What is the tens digit of o?
8
Suppose -5*s - 46 + 16 = 0. Let c be (-22)/s*156/4. Let y = c + -56. What is the tens digit of y?
8
Let b = 1689 + -824. Let c = b - 503. What is the units digit of c?
2
Let j(i) = 61*i**2 - 30*i + 93. What is the tens digit of j(-22)?
7
Let z(x) = -24*x + x**2 - 19*x - 28*x + 30 + 83*x. Let l(o) = -8*o**2 + o. Let n be l(-1). What is the units digit of z(n)?
3
Let y be (-48)/(-26) + 1/((-13)/(-2)). Suppose 2*p = -y*v - 272, -v - 266 = v + 4*p. Let q = 197 + v. What is the units digit of q?
8
Let q(a) = 79*a**2 - 1949*a + 115. What is the tens digit of q(37)?
5
Let c = -9508 + 11927. What is the thousands digit of c?
2
Suppose c + t = 46359, -3*c - 12*t + 8*t + 139082 = 0. What is the ten thousands digit of c?
4
Let c be (12/(-4) - -7)/((-1)/2). Let v be (2 + 4/(-6))/(c/(-2796)). Suppose -3*x + 5*n + v = 0, 4*x - 651 = -5*n + 17. What is the tens digit of x?
6
Let a = 25 - 21. Suppose -20 = -s + 5*x - a, -3*x - 24 = -3*s. What is the units digit of 86 + (3/(-9) - 4/s)?
5
Let a = 610 - -3784. Suppose -2*n + 1761 = 5*h, 5*n + 4*h - a = -0*h. What is the units digit of n?
8
Let i(g) = -25 + 19 + 24 + 3 - 8*g. Let d be i(7). Let a = 6 - d. What is the units digit of a?
1
Suppose -24*a + 6206 = 34*a. Let w be (-32)/(-12) + 2/(-3). Suppose a = w*k - 35. What is the units digit of k?
1
Suppose q + i - 2*i = -608, -3*q = -2*i + 1821. Let m = q - -1025. What is the units digit of m?
0
Suppose -11*t = -8*t - 525. Suppose -171*o = -t*o + 1916. What is the tens digit of o?
7
Let j(r) = 119*r + 161. Let u(g) = -14*g - 19. Let o(p) = 5*j(p) + 42*u(p). Suppose -7*b + 3*b = -20. What is the tens digit of o(b)?
4
What is the thousands digit of (9687/60 + (-3)/15)/((-15)/(-420))?
4
Let v = 9687 + -9394. What is the hundreds digit of v?
2
Suppose 4*r + 12 + 8 = 4*j, j = 5*r + 25. Suppose j = -5*v - i - 110, 5*i - 59 = 4*v - 0*v. Let z = 22 + v. What is the units digit of z?
1
Suppose 0 = 5*c - 2*k + 98, 4*k - 17 - 17 = c. Let d(n) = -2*n + 126. What is the tens digit of d(c)?
6
Let q = 7744 - 3991. What is the thousands digit of q?
3
Let i(x) = -15*x + 75. Let k(p) = 3*p - 15. Let q(u) = 2*i(u) + 11*k(u). Let l be q(6). Suppose m + 3*z = 21, -2*m + l*z + 3 = -3. What is the units digit of m?
9
Suppose -u + 18 = 5. Let f(q) = 4*q**2 - 16*q + 19. What is the hundreds digit of f(u)?
4
Let w = -333 - -33. What is the tens digit of (98/(-3))/(40/w)?
4
Suppose k - 38 = -3*g, 5*k - 2*g = -g + 254. Let v be (-1 - (-99)/(-15))/((-5)/k). What is the tens digit of (v/3)/((-6)/(-9))?
3
Let k = 36170 + -16239. What is the ten thousands digit of k?
1
Suppose -s + 4247 = 5*b - 10*b, 3*s = 5*b + 12781. What is the hundreds digit of s?
2
Let s(t) = 9*t**2 + 9*t - 6. Let v be s(-4). Let m = v - 94. Suppose 0 = h + 2*g - 127, -488 = -m*h + 4*h - 3*g. What is the hundreds digit of h?
1
Let f = 158 + -145. Suppose f*o = 5*o + 3096. What is the units digit of o?
7
Let q(w) be the third derivative of 0 + 1/2*w**3 - 13/24*w**4 + 2*w**2 + 0*w. What is the tens digit of q(-4)?
5
Let h = -227 + 229. Suppose 3 = -3*v, -5*x + 1277 = v + h*v. What is the tens digit of x?
5
Let v = -14 - -16. Let u be 3 + 4/v - 3. What is the tens digit of 2353/39 - u/(-3)?
6
Let g be ((-10)/(-8)*2)/((-1)/(-42)). Let u(c) = c**3 + 11*c**2 - 27*c + 10. Let d be u(-13). Let a = g - d. What is the tens digit of a?
8
Let q(c) = -2*c**3 - 4*c**2 - 20*c - 114. Let v be q(-7). Suppose -v*h + 509*h = -1561. What is the tens digit of h?
2
Let a(j) be the first derivative of 8 + 20/3*j**3 - 6*j**2 + 0*j. What is the hundreds digit of a(3)?
1
Let j = 119 - 114. Suppose p - 1690 = -5*u, 2*p - 1660 = -j*u + 7*p. What is the hundreds digit of u?
3
Let b(w) = -21*w - 3. Let r be b(-8). What is the hundreds digit of (0 + r/(-22))*84/(-5)?
1
Let n(j) = -j**3 + 10*j**2 + 25*j - 12. Let v be n(12). Suppose 5*l - 10 + 5 = v. What is the units digit of (3 + (3 - 2))*31/l?
4
Suppose -1176 = -3*p - p - 4*m, 0 = -3*p + 4*m + 896. Suppose -z = 5*s - 359, -4*z + 7*z = -4*s + p. What is the tens digit of s?
7
Let z = 613 - -420. Let l = 1111 - z. What is the units digit of l?
8
Let i = -50 - -45. Let f = i + 7. What is the tens digit of 20/32*f*76?
9
Suppose -4*w - k = -4*k - 275, 3*w = -5*k + 199. Let u be 1/(9/(-3))*-3. Let q = u + w. What is the units digit of q?
9
Let d be 612/16 + (2 - 5/4). Let y = d - 57. Let u = 130 + y. What is the hundreds digit of u?
1
Let j = -171 + 9962. What is the units digit of j?
1
Let y(h) = 7*h**3 - 10*h**2 - 17*h + 6. What is the thousands digit of y(8)?
2
Let w(o) = -2*o**3 - 2*o**2 + 2*o + 3. Let b be w(-2). Suppose b*r = 9*r - 264. Suppose 3*v - r = a + 76, -2*v - 5*a + 116 = 0. What is the tens digit of v?
6
Let f(w) = -2*w + 0*w + 5*w - w. Let j be f(0). Suppose -3*z + 6 = 0, 4*z - 40 = -4*l - j*z. What is the units digit of l?
8
Let p be 2/4*0*2/(-4). Suppose -7*k + 18*k - 7205 = p. What is the units digit of k?
5
Let v(a) = 74*a**2 - 10*a - 3. Suppose 0*n - 12 = 6*n. What is the units digit of v(n)?
3
Suppose -197*f + 8691796 = -2223777. What is the thousands digit of f?
5
Let u be (-10)/5 + (3 - (5 + 0)). Let c be u/18 - 12/(-54). Suppose -4*k + 72 = -0*x + x, 2*x + 3*k - 129 = c. What is the tens digit of x?
6
Let u = 364 + -852. Suppose 199*s + 20097 = 170*s. Let c = u - s. What is the hundreds digit of c?
2
Suppose 180 = 5*q - 14*q. Let c = 78 - q. What is the units digit of c?
8
Let h(k) = 171*k - 6. Let w be (-39)/13 + -2*(-2)/(-2). Let y be h(w). What is the tens digit of ((-2)/3)/(14/y)?
4
Let x(a) = a**3 - 5*a**2 - 10*a + 32. Let f be x(6). Suppose 0 = -0*p + 4*p - f. What is the tens digit of (208/(p/(-1)))/(27/(-54))?
0
Suppose -5*r = 3*d + 2848, 5*d + r + 2072 = -2638. Let o = 133 - d. What is the thousands digit of o?
1
Let y be 1 - -2*(1 + 0). Suppose 0 = -y*j + 2*p + 514, -452 - 240 = -4*j + 4*p. What is the tens digit of j?
6
Let w(j) = 6*j**2 + 591*j + 1193. What is the tens digit of w(-140)?
5
Let n(z) = z**3 + 5*z**2 + 2*z - 8. Let l be n(-3). Suppose l*u + 3*c = 3938, -11*u = -13*u + c + 1974. What is the units digit of u?
6
Let l(n) = -98*n + 175. Let v be l(-7). Let t = -845 + v. What is the units digit of t?
6
Let a(c) = 33*c + 174. What is the tens digit of a(19)?
0
Let c = 33428 + -16344. What is the thousands digit of c?
7
Suppose -3*a - 11 = -2*l, 0*l - 7 = -l + 3*a. Suppose l*t = 46 + 26. What is the tens digit of 6*1/t*801?
6
Suppose -12 = 3*p, 0 = -n + 3*p + 2*p + 79. Let u = n - 56. Suppose -i + 52 = i + 2*z, -u*i + z = -98. What is the units digit of i?
1
Suppose 0 = 3*k + 2*o - 11, 2*k + k - 5*o = 4. Let m(q) = -2*q**3 - 2*q**2 - q + 3. Let v be m(k). Let n = v + 287. What is the tens digit of n?
1
Suppose 94 = 5*i - 51. Let r = -27 + i. Suppose -r*q + 250 - 100 = 0. What is the units digit of q?
5
Suppose -20*b = -1175 - 1225. Suppose 8*l - b = 13*l. What is the units digit of 2/(-6) - 1160/l?
8
Suppose -18908 = -21*x + 11311. What is the hundreds digit of x?
4
Let g(b) be the second derivative of 2*b**3/3 + 15*b**2/2 + 283*b. Let p = 1 + 2. What is the tens digit of g(p)?
2
Let s(b) = 119*b**3 - 13*b**2 - 3*b + 26. What is the thousands digit of s(4)?
7
Let b = 114 - 108. Suppose -2*v + b = v. Suppose 0 = 4*n + 3*o - 713, -2*o = 3*n - v*n - 172. What is the tens digit of n?
8
Suppose 5*i - 35 + 5 = -5*p, 0 = 5*p + 2*i - 21. Suppose 5*f = -2*c + 3*c - 377, -1077 = -3*c - p*f. Suppose 11*t = 34 + c. What is the units digit of t?
6
Suppose 3*l - 18*l = 135. Let b(f) = 6 + 5 + f**